.
51
Let o(z) = 12*z + 138. Let s be o(-11). Suppose -1093 = -s*w + 617. Calculate the greatest common factor of w and 15.
15
Let k be (150/4)/(516/55040). What is the highest common factor of 32 and k?
32
Suppose -3*g - 3*n + 52 = -113, n = -4*g + 208. Let d = -11 + g. What is the highest common factor of 20 and d?
20
Let x(p) = p**2 - 19*p + 35. Suppose 51 = -12*g + 15*g. Let a be x(g). Suppose -1 = c - 6. What is the greatest common factor of c and a?
1
Let h be (-20)/(-190)*-1 - (48420/(-76) + 5). Calculate the highest common factor of h and 60.
4
Let o(n) = -n**3 - n**2 + 7*n + 1. Let p be o(0). What is the greatest common factor of p and 125?
1
Let b(f) = 9*f + 257. Let u be b(-28). Let w be (-56 + -1)*(-12)/9. Suppose z = 5*z - 3*m - 57, u*z + m = w. What is the highest common divisor of z and 30?
15
Let t(v) = 56*v - 654. Let d be t(12). Calculate the highest common divisor of d and 2178.
18
Let i = 3148 - -3298. Calculate the highest common divisor of 55 and i.
11
Suppose 9*y - 4*y + 2*m = 935, -5*m + 935 = 5*y. Let i be 1/4*y - 54/72. Calculate the highest common factor of i and 23.
23
Let o = -12736 - -12802. What is the greatest common factor of 2266 and o?
22
Let s = 36 + -31. Suppose 0 = -2*w - s*t + 15, 3*w - 6*t + t = -15. Let p be ((-1)/(-2))/(4/16 + w). What is the highest common divisor of 3 and p?
1
Let j(s) = 5*s**3 + 26*s**2 + 23. Let d be j(-5). Calculate the greatest common divisor of 834 and d.
6
Let g(h) = h**2 - 42*h + 573. Let k be g(29). What is the highest common divisor of 4 and k?
4
Let n = 6283 - 6252. Calculate the greatest common factor of 8773 and n.
31
Let z = 46 - 31. Suppose 240 - 234 = 3*u. Suppose -3*c + z = u*c. Calculate the highest common factor of 27 and c.
3
Let n be (10 + -3)*1 + 1. Let v(o) = -o - 13. Let s be v(-19). Let d = s - -6. Calculate the greatest common factor of d and n.
4
Suppose 135*l - 136*l + 55 = -c, -4*c - 108 = -2*l. Calculate the greatest common divisor of l and 2996.
28
Let x(h) = -h**2 + 10*h + 5. Let s be x(6). Suppose 0 = -q - t + 3, q + 2*q - s = t. Suppose y - q = 1. What is the highest common divisor of 9 and y?
9
Let l = 942 + -905. Let k = 332 + 260. What is the greatest common divisor of k and l?
37
Let u(a) = 3*a + 66. Let d be u(-20). Suppose -d*g = -61 - 107. Suppose -o - 3*o + 56 = 0. Calculate the greatest common divisor of g and o.
14
Suppose 3*r = -5*r + 112. Suppose -5*h - 36 = -r*h. Calculate the greatest common factor of h and 108.
4
Let j be (-6*7/(-126))/(1/33). Let v(z) = -35*z**3 - 14*z**2 - 29*z + 7. Let f be v(-3). Calculate the highest common factor of f and j.
11
Let u(o) = -o + 4. Let i be u(4). Let x = i - -3. Suppose -9*a + 23 = 14. What is the greatest common factor of x and a?
1
Suppose -k = 5*c + 188, 0 = -2*c + k - 2*k - 77. Let x = 17 + c. Let t be (0 + 1)*9*x/(-15). Calculate the highest common divisor of 8 and t.
4
Let h = -1040 + 1013. Let y be (h + -23)*(-4)/10. Let k(r) = r**3 - 2*r. Let u be k(2). Calculate the highest common divisor of u and y.
4
Let v be (-2300)/2*4/(-8). What is the greatest common divisor of 40 and v?
5
Let x be 291*-5*(10 - 53/5). Calculate the greatest common factor of 36 and x.
9
Suppose -62 = -9*c - 17. Let s = 40 - c. What is the highest common factor of 10 and s?
5
Suppose 0 = -2*c + 5 + 47. Suppose 10*i - 219362 = -757*i. Calculate the greatest common divisor of c and i.
26
Let y = 251 - 299. Let c be (-5 + (-65)/(-20))*y. Calculate the greatest common divisor of 12 and c.
12
Suppose x + 3 = 5. Suppose x*k = 5*h - 14, -k - h - 5 = -3*h. Suppose -6*n - 5*w = -n - 100, k*n = 3*w + 84. What is the greatest common divisor of 60 and n?
12
Suppose 5*s + 3*n - 8939 = 0, 2535 = 2*s - 4*n - 1025. What is the greatest common factor of 94 and s?
94
Suppose 0 = l + 2*l + 4*y - 178, -y = l - 60. Suppose -225 = 53*o - l*o. What is the greatest common divisor of 75 and o?
25
Let w(o) = -2*o**3 - 75*o**2 + 1217*o - 108. Let m be w(-50). What is the greatest common factor of m and 12079?
257
Suppose 4*p = 3*p + 63. Suppose 11*h - 72*i - 900 = 7*h, -i - 135 = -2*h. What is the highest common factor of p and h?
63
Suppose 84 = 4*n + 4*s, 37 = 4*n - 2*s - 53. Let h = 31 + -23. Suppose 0 = 28*w - 32*w + h. What is the greatest common divisor of w and n?
2
Let i(o) = -o**2 - 12*o + 515. Let p be i(-21). Calculate the highest common divisor of 1141 and p.
163
Suppose 52 = 3*u - 47. Let s be (-16)/(-6)*33/(-22) + 4. Let v be (s + 2)*(-396)/(-72). What is the greatest common factor of u and v?
11
Let i be (-15)/25 - (-7)/(70/46). Suppose -522 = -i*b - 2*b. What is the highest common factor of 377 and b?
29
Suppose -5*h + 2160 = -0*h. Let w = -3183 - -3210. Calculate the greatest common divisor of w and h.
27
Let p be (-25)/(-100) + (-299)/(-4). Let v = p - 75. Suppose v = 9*x - 19 - 17. Calculate the greatest common factor of x and 2.
2
Let c = -9 + 13. Let z(h) = h**2 - 40*h + 352. Suppose 133*l - 168 = 119*l. Let g be z(l). What is the highest common divisor of g and c?
4
Let f be (0 + 0)*(-14)/(-28). Let l(t) = 6*t + 49. Let m be l(f). What is the greatest common divisor of 7 and m?
7
Suppose -2*y - 5*y = -0*y - 945. Calculate the greatest common divisor of y and 4905.
45
Suppose 114*l - 4145 - 4519 = 0. Let m be 1 + (21 + -3 - 0). Calculate the highest common divisor of l and m.
19
Let k(z) = 11*z + 69 + 11*z - 24*z + 7*z. Let v be k(11). What is the highest common divisor of v and 93?
31
Suppose 2*u + u + 163 = y + 2098, 0 = -3*y. Calculate the highest common factor of u and 45.
15
Suppose 3*x - 2537 = -2*i - 961, 2*i = -8. Calculate the greatest common divisor of x and 3366.
66
Suppose 263 + 21 = 4*r. Let w = r + -50. Suppose -3*b + 6 = s, -s = -4*s + 3*b + 6. What is the greatest common factor of s and w?
3
Let p = 158 - 244. Let k = 96 + p. Calculate the highest common factor of 25 and k.
5
Suppose -4*d + 859 = 3*i, 69*d - 70*d = 5*i - 1426. Calculate the greatest common divisor of i and 45.
15
Let u be 30/(-12)*(-72)/10. Suppose 0 = -u*g - 3143 - 439. Let r = 311 + g. What is the highest common factor of r and 14?
14
Suppose -18*l = -22*l + 12. Suppose -r = 4*o - 224, -l*r = 7*o - 4*o - 159. What is the highest common divisor of o and 133?
19
Suppose 2*q = -5*l + 9483, 93 = 8*l + 101. Calculate the greatest common divisor of 8 and q.
8
Suppose 4*g + 257 = -z, 0 = 2*g - 5*g + 3*z - 189. Let h = -46 - g. Let d = 25947 - 25902. Calculate the highest common divisor of h and d.
9
Let a = 2095 + -1848. Calculate the highest common factor of a and 19.
19
Let w be 180/(-70)*14/(-3). Suppose -55*o + 1025 = -60*o. Let g be ((-4)/w)/1 - o/3. What is the highest common factor of g and 102?
34
Let h(f) = 67*f**2 + 1096*f + 2196. Let r be h(-2). What is the highest common divisor of r and 912?
16
Suppose p - 16 = 2*u, -7 = -p - 2*u + u. Suppose 0 = 6*h - h, -l + p = -h. Let x = 23 - l. What is the highest common factor of x and 39?
13
Let h(g) = g + 36. Suppose 5*j + 10 = 30. Let m be (2 - (-68)/j)*-1. Let b be h(m). What is the greatest common factor of 136 and b?
17
Let h = 16 + -6. Let v(q) = q**3 + 4*q + 5. Let b be v(-2). Let k be (6 - -19) + b + 1 + -5. What is the highest common divisor of k and h?
10
Let r = 20 - 20. Let k be 1*r*(-4)/16. Suppose 2*f = -k*a - 3*a + 6, -a + 2*f = -2. Calculate the greatest common divisor of a and 6.
2
Suppose 2*d = -4*k + 50, -30 - 4 = -2*d + 4*k. Let f be 84*((8/36 - 0) + (-182)/(-72)). What is the highest common divisor of f and d?
21
Let g be 18/5*(228/627 - 13141/(-11)). What is the greatest common factor of 162 and g?
18
Let s = -1 - -4. Suppose 0 = 4*x - 5*x + s. Suppose 0*b + b = -3*f + 528, 2*f + x*b - 359 = 0. What is the highest common divisor of 70 and f?
35
Let t be (-6)/4*(-2210)/(-39). Let k = -74 - t. Calculate the highest common factor of k and 1.
1
Let c = 28633 + -28623. Calculate the highest common divisor of 1230 and c.
10
Let d be (-4)/22 + ((-20745)/(-55) - -1). Suppose 0 = 2*v + 2*v - 3*c - 298, -5*v + d = -c. What is the greatest common divisor of v and 190?
38
Let b(w) be the second derivative of -w**4/12 + 13*w**3/6 - 17*w**2 - 2*w - 11. Let f be b(6). Calculate the highest common divisor of 20 and f.
4
Let y = -16273 - -16527. What is the greatest common factor of y 